is -101 (base 7) in base 14?
-38
What is -2 (base 5) in base 13?
-2
1 (base 12) to base 11
1
What is 11 (base 2) in base 8?
3
What is -10112 (base 3) in base 10?
-95
Convert -1002 (base 3) to base 10.
-29
What is 88 (base 12) in base 5?
404
-14 (base 5) to base 7
-12
What is 47 (base 14) in base 10?
63
5 (base 6) to base 11
5
36 (base 8) to base 5
110
Convert -102 (base 3) to base 7.
-14
Convert 31 (base 5) to base 2.
10000
-21 (base 15) to base 8
-37
What is 180 (base 9) in base 6?
413
What is 11011101 (base 2) in base 3?
22012
-2 (base 14) to base 3
-2
2 (base 5) to base 2
10
Convert 9 (base 16) to base 2.
1001
What is -2 (base 5) in base 10?
-2
What is -103 (base 11) in base 6?
-324
What is -2 (base 12) in base 3?
-2
-1 (base 11) to base 7
-1
3 (base 10) to base 16
3
Convert -3013 (base 4) to base 8.
-307
Convert 33 (base 11) to base 3.
1100
What is 5 (base 15) in base 9?
5
Convert 1 (base 16) to base 6.
1
What is 0 (base 15) in base 5?
0
Convert -20 (base 4) to base 12.
-8
Convert -14 (base 15) to base 7.
-25
-23 (base 4) to base 3
-102
Convert 0 (base 7) to base 3.
0
What is 7 (base 16) in base 15?
7
3 (base 11) to base 10
3
-1010111 (base 2) to base 9
-106
Convert -301 (base 7) to base 5.
-1043
What is -201 (base 11) in base 2?
-11110011
Convert 32 (base 14) to base 12.
38
0 (base 10) to base 5
0
-3 (base 7) to base 8
-3
What is -200 (base 3) in base 7?
-24
a5 (base 12) to base 8
175
-317 (base 8) to base 15
-dc
11 (base 13) to base 15
e
What is 0 (base 8) in base 11?
0
2a (base 12) to base 16
22
What is 3 (base 4) in base 16?
3
-632 (base 7) to base 16
-13d
Convert 4 (base 11) to base 10.
4
What is -6 (base 13) in base 9?
-6
What is -30 (base 5) in base 16?
-f
Convert -15 (base 7) to base 8.
-14
What is -87 (base 10) in base 3?
-10020
20 (base 6) to base 7
15
Convert 4 (base 14) to base 6.
4
-26 (base 8) to base 10
-22
-266 (base 8) to base 6
-502
-10 (base 4) to base 11
-4
Convert 1 (base 13) to base 8.
1
What is -3 (base 13) in base 14?
-3
Convert 101 (base 3) to base 4.
22
3 (base 5) to base 16
3
Convert -d (base 16) to base 7.
-16
What is 1 (base 6) in base 3?
1
-23 (base 11) to base 15
-1a
Convert 0 (base 7) to base 5.
0
What is 10101001 (base 2) in base 5?
1134
1 (base 16) to base 6
1
Convert 522 (base 7) to base 5.
2021
Convert 81 (base 11) to base 13.
6b
Convert -35 (base 16) to base 9.
-58
-10011 (base 2) to base 3
-201
Convert -30 (base 7) to base 13.
-18
Convert 7 (base 16) to base 5.
12
Convert -164 (base 12) to base 10.
-220
What is 11 (base 5) in base 10?
6
Convert -17 (base 13) to base 6.
-32
What is -23 (base 14) in base 12?
-27
Convert -1105 (base 6) to base 7.
-515
1e (base 15) to base 4
131
Convert -4 (base 16) to base 14.
-4
What is -20 (base 3) in base 14?
-6
-158 (base 12) to base 4
-3110
-7 (base 9) to base 10
-7
Convert -5c (base 14) to base 13.
-64
Convert -21 (base 7) to base 6.
-23
-162 (base 8) to base 13
-8a
92 (base 11) to base 5
401
Convert -19 (base 11) to base 3.
-202
Convert 1101101 (base 2) to base 16.
6d
11 (base 5) to base 12
6
-107 (base 12) to base 9
-177
What is 6 (base 7) in base 9?
6
Convert -44 (base 16) to base 11.
-62
What is -5 (base 7) in base 6?
-5
Convert 0 (base 8) to base 6.
0
What is 122 (base 5) in base 6?
101
What is -4 (base 12) in base 11?
-4
-40 (base 6) to base 8
-30
100 (base 9) to base 6
213
-3 (base 8) to base 13
-3
Convert -2331 (base 4) to base 8.
-275
Convert 10 (base 6) to base 9.
6
Convert 24 (base 14) to base 10.
32
-3 (base 14) to base 15
-3
What is -12 (base 7) in base 4?
-21
What is 1 (base 5) in base 8?
1
Convert -1 (base 15) to base 6.
-1
Convert -7 (base 8) to base 2.
-111
What is 50 (base 7) in base 4?
203
0 (base 10) to base 3
0
What is 4 (base 6) in base 4?
10
What is 21 (base 10) in base 13?
18
2 (base 3) to base 13
2
100101 (base 2) to base 9
41
Convert 218 (base 13) to base 8.
547
What is -1 (base 5) in base 9?
-1
Convert 0 (base 10) to base 16.
0
Convert -20 (base 9) to base 13.
-15
What is 4 (base 13) in base 14?
4
Convert -44 (base 5) to base 14.
-1a
Convert -1 (base 6) to base 5.
-1
30 (base 8) to base 6
40
What is 100 (base 2) in base 14?
4
What is 32 (base 5) in base 13?
14
Convert 1 (base 6) to base 3.
1
What is -2 (base 13) in base 16?
-2
-331 (base 4) to base 2
-111101
5 (base 11) to base 6
5
Convert 140 (base 8) to base 3.
10120
What is 33 (base 5) in base 9?
20
Convert -10 (base 14) to base 13.
-11
-12 (base 3) to base 7
-5
What is 58 (base 10) in base 15?
3d
96 (base 15) to base 4
2031
-36 (base 16) to base 3
-2000
What is -6 (base 13) in base 10?
-6
Convert -4 (base 10) to base 8.
-4
-130 (base 6) to base 5
-204
-6 (base 12) to base 10
-6
9b (base 13) to base 9
152
37 (base 15) to base 16
34
What is 1b (base 16) in base 7?
36
Convert -2 (base 12) to base 3.
-2
Convert 22 (base 8) to base 2.
10010
-10111 (base 2) to base 7
-32
-50 (base 16) to base 5
-310
What is -43 (base 5) in base 9?
-25
Convert 140 (base 11) to base 16.
a5
Convert 0 (base 7) to base 3.
0
Convert 10 (base 12) to base 11.
11
What is -74 (base 13) in base 14?
-6b
Convert 3c (base 16) to base 12.
50
-2 (base 14) to base 16
-2
What is 11 (base 5) in base 3?
20
-d (base 15) to base 5
-23
Convert -201 (base 7) to base 10.
-99
What is -4 (base 6) in base 14?
-4
Convert -7 (base 15) to base 12.
-7
What is -15 (base 8) in base 10?
-13
Convert 3 (base 6) to base 8.
3
What is -210 (base 5) in base 7?
-106
-141 (base 10) to base 14
-a1
What is -1001 (base 2) in base 14?
-9
Convert -18 (base 15) to base 14.
-19
Convert 34 (base 13) to base 8.
53
Convert 22 (base 6) to base 12.
12
11 (base 5) to base 15
6
4 (base 10) to base 2
100
Convert 101 (base 3) to base 6.
14
Convert 1 (base 16) to base 3.
1
Convert -1100 (base 2) to base 11.
-11
Convert -11011101 (base 2) to base 16.
-dd
5 (base 15) to base 16
5
What is 0 (base 10) in base 12?
0
Convert -5 (base 14) to base 2.
-101
-21 (base 5) to base 3
-102
What is 2 (base 14) in base 10?
2
What is -18 (base 15) in base 6?
-35
Convert 4 (base 10) to base 2.
100
What is -1 (base 15) in base 10?
-1
-2 (base 14) to base 16
-2
Convert 0 (base 15) to base 5.
0
Convert 4 (base 11) to base 12.
4
Convert -15 (base 10) to base 6.
-23
Convert -c (base 13) to base 10.
-12
Convert -208 (base 14) to base 2.
-110010000
What is 4 (base 7) in base 5?
4
-46 (base 11) to base 7
-101
What is -1 (base 15) in base 11?
-1
Convert 21 (base 7) to base 11.
14
-210 (base 4) to base 10
-36
-35 (base 8) to base 12
-25
1c (base 14) to base 15
1b
What is -9 (base 12) in base 7?
-12
47 (base 9) to base 14
31
What is 4d (base 16) in base 14?
57
What is 0 (base 2) in base 7?
0
What is 5 (base 8) in base 16?
5
-3 (base 14) to base 4
-3
What is -140 (base 10) in base 2?
-10001100
What is 3 (base 4) in base 3?
10
What is -12 (base 9) in base 2?
-1011
What is -10322 (base 4) in base 16?
-13a
What is 10 (base 2) in base 9?
2
What is a0 (base 11) in base 16?
6e
22 (base 4) to base 5
20
Convert 23 (base 12) to base 15.
1c
Convert 12 (base 6) to base 4.
20
-a (base 15) to base 2
-1010
110 (base 3) to base 5
22
What is -12 (base 14) in base 5?
-31
Convert 4 (base 12) to base 14.
4
-2 (base 9) to base 10
-2
What is -21 (base 3) in base 9?
-7
0 (base 2) to base 11
0
Convert -9a (base 13) to base 11.
-106
What is 46 (base 8) in base 15?
28
0 (base 11) to base 7
0
1 (base 5) to base 7
1
-3 (base 16) to base 14
-3
-21 (base 13) to base 8
-33
-115 (base 8) to base 9
-85
What is -4 (base 16) in base 2?
-100
What is 0 (base 6) in base 4?
0
Convert 12 (base 3) to base 11.
5
0 (base 16) to base 9
0
14 (base 10) to base 6
22
What is -10 (base 5) in base 10?
-5
Convert -178 (base 9) to base 3.
-12122
Convert 111 (base 2) to base 7.
10
Convert -21 (base 3) to base 9.
-7
Convert -4 (base 10) to base 13.
-4
What is 2 (base 10) in base 13?
2
Convert -111000 (base 2) to base 7.
-110
Convert -3 (base 11) to base 2.
-11
Convert 332 (base 7) to base 5.
1140
What is -49 (base 10) in base 9?
-54
What is 11 (base 3) in base 2?
100
Convert 8 (base 15) to base 14.
8
What is -1 (base 10) in base 16?
-1
8 (base 10) to base 7
11
-1 (base 8) to base 6
-1
Convert -100 (base 5) to base 2.
-11001
Convert -4 (base 15) to base 10.
-4
Convert 110112 (base 3) to base 2.
101010010
Convert -c0 (base 14) to base 3.
-20020
-